 of 128150698.
2, 13, 4928873
List the prime factors of 100394032.
2, 439, 14293
What are the prime factors of 69613124?
2, 7, 173, 2053
What are the prime factors of 1265792658?
2, 3, 13, 139, 313, 373
What are the prime factors of 59719019?
967, 61757
List the prime factors of 1273631416.
2, 1031, 154417
List the prime factors of 83014549.
47, 71, 24877
List the prime factors of 156943292.
2, 11, 43, 7541
List the prime factors of 24655048.
2, 11, 503, 557
What are the prime factors of 2837685124?
2, 1709, 415109
What are the prime factors of 4310015586?
2, 3, 23, 1669, 18713
List the prime factors of 324344340.
2, 3, 5, 1801913
List the prime factors of 226761318.
2, 3, 7, 257099
List the prime factors of 369626764.
2, 13, 31, 467, 491
What are the prime factors of 2964422385?
3, 5, 41, 1606733
List the prime factors of 5390903924.
2, 7, 7457, 25819
What are the prime factors of 56431146?
2, 3, 859, 10949
What are the prime factors of 54536641?
54536641
What are the prime factors of 2109542564?
2, 19, 1669, 16631
List the prime factors of 15894058.
2, 23, 167, 2069
What are the prime factors of 244192052?
2, 13, 4696001
List the prime factors of 1167722728.
2, 7699, 18959
List the prime factors of 2990550774.
2, 3, 498425129
List the prime factors of 1035186631.
397, 2607523
What are the prime factors of 112729549?
112729549
What are the prime factors of 452861908?
2, 113215477
What are the prime factors of 11158260?
2, 3, 5, 185971
What are the prime factors of 495071871?
3, 7, 113, 208627
What are the prime factors of 5793272511?
3, 13, 1031, 11083
What are the prime factors of 1111669256?
2, 138958657
List the prime factors of 44831758.
2, 431, 52009
What are the prime factors of 335271562?
2, 1693, 99017
List the prime factors of 234553546.
2, 2371, 49463
List the prime factors of 118793845.
5, 59, 402691
List the prime factors of 41323170.
2, 3, 5, 7, 28111
List the prime factors of 1540980506.
2, 13, 73, 811897
List the prime factors of 52123091.
52123091
What are the prime factors of 2921985219?
3, 29, 2029, 16553
List the prime factors of 173239049.
127, 487, 2801
What are the prime factors of 11213203?
61, 183823
What are the prime factors of 598466681?
598466681
List the prime factors of 65061951.
3, 79, 271, 1013
List the prime factors of 11930677.
11, 971, 1117
What are the prime factors of 186714229?
13, 61, 173, 1361
List the prime factors of 429654170.
2, 5, 11, 41, 95267
List the prime factors of 423927596.
2, 109, 263, 3697
What are the prime factors of 47835777?
3, 11, 131779
What are the prime factors of 15218480?
2, 5, 181, 1051
List the prime factors of 32489398.
2, 16244699
What are the prime factors of 527258849?
13, 40558373
What are the prime factors of 520372744?
2, 7717, 8429
What are the prime factors of 512949353?
7, 641, 114319
List the prime factors of 150261397.
11, 13, 47, 79, 283
List the prime factors of 506628954.
2, 3, 13, 2165081
List the prime factors of 6450340568.
2, 7, 61, 251, 7523
List the prime factors of 412721905.
5, 97, 850973
List the prime factors of 1618455761.
13, 83, 521, 2879
What are the prime factors of 531896159?
531896159
What are the prime factors of 1261029517?
11, 114639047
What are the prime factors of 580716054?
2, 3, 1194889
What are the prime factors of 326096334?
2, 3, 149, 40529
List the prime factors of 1541401725.
3, 5, 1123, 18301
List the prime factors of 381571761.
3, 7603, 16729
What are the prime factors of 36779433?
3, 1129, 10859
What are the prime factors of 52239268?
2, 13059817
List the prime factors of 49160770.
2, 5, 17, 289181
List the prime factors of 94839258.
2, 3, 23, 829
List the prime factors of 499929986.
2, 249964993
What are the prime factors of 1212964782?
2, 3, 202160797
What are the prime factors of 646979398?
2, 13, 883, 28181
What are the prime factors of 2869416472?
2, 13, 2017, 13679
List the prime factors of 33892808.
2, 19, 222979
List the prime factors of 2429018973.
3, 17, 15875941
List the prime factors of 636941006.
2, 13, 17, 167, 8629
What are the prime factors of 59205441?
3, 17, 61, 19031
List the prime factors of 1186633857.
3, 137, 353, 8179
What are the prime factors of 6439457432?
2, 43, 18719353
List the prime factors of 774220206.
2, 3, 129036701
What are the prime factors of 5481814349?
11, 29, 41, 61, 6871
List the prime factors of 983333852.
2, 107, 2297509
List the prime factors of 14392374.
2, 3, 383, 6263
What are the prime factors of 449500112?
2, 83, 271, 1249
List the prime factors of 590491077.
3, 11, 743, 24083
What are the prime factors of 441287163?
3, 16343969
List the prime factors of 25195112.
2, 1427, 2207
List the prime factors of 753797180.
2, 5, 269, 140111
What are the prime factors of 3008700747?
3, 13, 773, 853
What are the prime factors of 2888571007?
7, 19, 449, 48371
List the prime factors of 731132013.
3, 2857, 85303
What are the prime factors of 100185464?
2, 12523183
List the prime factors of 1884110377.
1884110377
List the prime factors of 77595934.
2, 13, 73, 40883
List the prime factors of 1282791062.
2, 7, 83, 313, 3527
What are the prime factors of 279049397?
11, 29, 874763
List the prime factors of 1191010099.
167, 7131797
What are the prime factors of 94141966?
2, 197, 238939
What are the prime factors of 97336535?
5, 19467307
List the prime factors of 1640857682.
2, 820428841
List the prime factors of 667960997.
11, 6947, 8741
What are the prime factors of 1236944967?
3, 2243, 183823
List the prime factors of 31669358.
2, 7, 101, 22397
List the prime factors of 84810186.
2, 3, 19, 131, 631
List the prime factors of 138743483.
47, 277, 10657
What are the prime factors of 168184939?
13, 641, 20183
List the prime factors of 1156774564.
2, 11, 67, 79, 4967
What are the prime factors of 101741811?
3, 23, 1474519
What are the prime factors of 207243424?
2, 6476357
What are the prime factors of 411674793?
3, 137224931
What are the prime factors of 116555870?
2, 5, 2621, 4447
What are the prime factors of 183160264?
2, 7, 3270719
What are the prime factors of 227734220?
2, 5, 7, 1626673
List the prime factors of 6102037707.
3, 127, 16015847
What are the prime factors of 113173545?
3, 5, 197, 38299
What are the prime factors of 39414046?
2, 7, 2815289
What are the prime factors of 191528857?
13, 14732989
List the prime factors of 69638659.
283, 246073
List the prime factors of 18418371.
3, 31, 198047
What are the prime factors of 1156355760?
2, 3, 5, 7, 431, 1597
List the prime factors of 5023984350.
2, 3, 5, 7, 11, 434977
List the prime factors of 55991496.
2, 3, 11, 131, 1619
What are the prime factors of 80040822?
2, 3, 31, 653, 659
List the prime factors of 1728370578.
2, 3, 11, 26187433
List the prime factors of 12197908.
2, 17, 179381
List the prime factors of 12515749.
23, 571, 953
List the prime factors of 1091671222.
2, 1049, 520339
List the prime factors of 312859251.
3, 34762139
What are the prime factors of 282699469?
13, 41, 530393
List the prime factors of 778763915.
5, 47, 1279, 2591
List the prime factors of 88019054.
2, 44009527
List the prime factors of 133322105.
5, 7, 439, 8677
List the prime factors of 962534585.
5, 19, 10131943
List the prime factors of 1721401562.
2, 860700781
What are the prime factors of 4251444834?
2, 3, 7, 13, 29, 268501
What are the prime factors of 87533244?
2, 3, 810493
What are the prime factors of 58792548?
2, 3, 4899379
List the prime factors of 368847403.
1277, 288839
List the prime factors of 1517676150.
2, 3, 5, 10117841
What are the prime factors of 928767620?
2, 5, 11, 4221671
What are the prime factors of 22602551?
22602551
List the prime factors of 154644638.
2, 61, 1267579
What are the prime factors of 6545200799?
211, 31019909
What are the prime factors of 76081498?
2, 38040749
What are the prime factors of 123563699?
7, 1619, 10903
List the prime factors of 59728954.
2, 421, 70937
List the prime factors of 856495161.
3, 103, 131, 2351
List the prime factors of 192787548.
2, 3, 17, 945037
List the prime factors of 216808717.
67, 89, 103, 353
What are the prime factors of 22732679?
1459, 15581
What are the prime factors of 35151951?
3, 11717317
List the prime factors of 772129181.
6899, 111919
List the prime factors of 7667076.
2, 3, 63892